8. Let h be w(x). Suppose -3*v - p + 94 = h, v - 34 = 3*p - 2*p. What is the tens digit of v?
3
Suppose -165 = -3*x + 3*k + k, 5*x = -5*k + 240. Let d = 277 - x. What is the tens digit of d?
2
Let d be 2 - (3 + 11 + -2). Let x(b) = -b**3 - 11*b**2 - 9*b - 2. Let g be x(d). Let u = 27 - g. What is the units digit of u?
9
Suppose -8*j = -4*j + 4*l - 1420, -5*j + 3*l + 1783 = 0. What is the hundreds digit of j?
3
What is the units digit of -52 + 52 - (-455 - (-2 - -2))?
5
Let m = 383 + -178. What is the hundreds digit of m?
2
Let j(q) = 4*q**3 - 5*q**2 - 6*q - 6. Let y be j(-4). Let i be y/6 - 3*1. Let s = 93 + i. What is the tens digit of s?
3
Suppose 0 = 2*o - q - 2178, 3*o + 386 = -5*q + 3627. What is the tens digit of o?
8
Let y = 1172 + 148. What is the tens digit of y?
2
Let q(t) = t**2 + 1. Let j(a) = a**3 + 6*a**2 + 4*a - 1. Let y(b) = j(b) - 3*q(b). Let z be y(-4). What is the units digit of ((-3)/9)/(2/z)?
6
What is the units digit of 64*13 - ((-5 - -8) + -2)?
1
Let s = -9998 - -15601. What is the tens digit of s?
0
Let z = -3323 - -6008. What is the hundreds digit of z?
6
Let m be (-6)/(-10) - 3289/65. Let o be (-30)/m + 107/5. Suppose o = 2*d - 14. What is the tens digit of d?
1
Suppose -8*q = -4*q + j - 9575, 0 = 5*q - 2*j - 11959. What is the units digit of q?
3
Let j be (-60)/(-18)*21/2. Let l = j + -6. Suppose 4*h = -3*a + 139, 2*h + h = a - l. What is the tens digit of a?
4
Let q(z) = -71*z + 542. What is the tens digit of q(6)?
1
Suppose -3*r + 2*s = -5, 2*r - 3*r - 2*s = -15. Suppose r*u - 1159 = -4*v, 0 = 19*v - 17*v + 4*u - 572. What is the units digit of v?
6
Let a(i) = 47*i**2 - 3*i + 20. What is the hundreds digit of a(4)?
7
Let o(t) = t**3 - 2*t**2 - 3*t + 5. Let v be o(0). Suppose -v*w = -4*z - 140, 3*z = 4*w - 11 - 102. What is the tens digit of w?
3
Let u(h) be the second derivative of h**5/20 + h**4 - 5*h**3/3 + 13*h**2/2 - 23*h. What is the hundreds digit of u(-12)?
1
Suppose 5*a - 2*n - 16 = 0, 0 = 5*a + 6*n - 4*n - 4. Suppose 260 = -0*s + a*s. Suppose 7*v - 73 = s. What is the tens digit of v?
2
Let y = -4 + -6. Let j(s) = -s**3 - 9*s**2 + 12*s. Let z be j(y). What is the tens digit of (-2 + 32/z)*-5?
1
Suppose 8*n - 12*n + 18919 = 3*k, 3*k = -9. What is the tens digit of n?
3
Let m = 80 + 56. Suppose 2*q = m - 12. What is the units digit of q?
2
What is the hundreds digit of 74424/378 - 2/(-18)?
1
Let j(u) = -6*u**3 - 14*u**2 - 5*u + 17. What is the units digit of j(-4)?
7
Suppose -4*v = -4735 - 2489. Suppose 5*w + 621 = v. What is the tens digit of w?
3
Suppose 10 = -4*v + 5*v. Let d be 1383/15 + (-2)/v. Let k = -55 + d. What is the tens digit of k?
3
Let l(z) = z - 3. Let q be l(-5). Let u be q - -7 - (-1 + -2). Suppose 0 = -u*v - 1 + 21. What is the units digit of v?
0
Let q(n) = -n**3 - 10*n**2 + 4*n - 9. Suppose 0 = 2*k + 6*g - g + 32, 7 = -k + 2*g. What is the units digit of q(k)?
8
What is the units digit of 1485 - ((-20)/(-2) + -2)?
7
Let i = 11 + -12. Let s(f) = -5*f**3 + f**2 + 2*f + 1. Let d be s(i). Let h(n) = 2*n**2 - 3*n - 3. What is the tens digit of h(d)?
3
Suppose -17*v = v - 8262. What is the hundreds digit of v?
4
What is the tens digit of ((-33)/6 + -8)*(-40)/3?
8
Let g = 51 - -119. What is the tens digit of g?
7
Suppose -6*b + 4*b - 778 = -5*s, -626 = -4*s - 2*b. Suppose s + 1014 = 10*z. What is the tens digit of z?
1
Let m(p) = -19*p**2 + 6*p + 3. Let y be m(-3). Let t = 354 + y. What is the tens digit of t?
6
Suppose -9 = 3*p, p - 1560 = -3*y + 4*p. What is the units digit of y?
7
Suppose 16*b - 21*b = -5600. What is the units digit of b?
0
Suppose -u = u - 282. Suppose -u = -f - f - 3*l, -5*l + 25 = 0. Let p = -40 + f. What is the units digit of p?
3
Suppose 0 = 46*g - 41*g - 6975. What is the thousands digit of g?
1
Suppose -18*u + 59113 = 17317. What is the thousands digit of u?
2
Suppose -12840 = x - 9*x. Suppose 5*m - x + 321 = c, -3*m + 748 = 5*c. What is the tens digit of m?
5
Suppose 5*s - 4*s = -3*s. Suppose 0 = -b - s*b + 33. What is the tens digit of b?
3
Let h(d) = d**2 + 10*d - 4. Let c be h(-8). Let u = c - -33. What is the units digit of u?
3
Let q(y) = -7*y + 30*y + 8 + 0*y + 3*y. What is the units digit of q(5)?
8
Suppose 1 = -d + l + 5, -26 = -5*d + 2*l. Suppose -12 - d = -6*n. Suppose 4*i + 13 + 0 = 5*r, 9 = n*i. What is the units digit of r?
5
Let v be -2 - -4 - 48/1. Let h = v + 70. Suppose -h = -4*q - 0. What is the units digit of q?
6
Let r = -8 - -8. Suppose r = 9*w - 6*w. Suppose 5*h - 7 - 153 = 5*g, -h - 2*g + 38 = w. What is the tens digit of h?
3
Suppose -2*i + 7*i + 70 = 0. What is the units digit of 84/18*((-12)/i)/1?
4
Let a = 167 + -163. Suppose i = a*i - 174. What is the units digit of i?
8
Let t(q) = 20*q + 6. Let p be t(2). Suppose -50*d + p*d = -188. What is the tens digit of d?
4
Suppose -3772 = -5*q - 4*h, q - 154 - 596 = -3*h. What is the units digit of q?
6
Suppose 12 = 2*m + 2*m. Suppose 5*q - 4*a - 126 = -11, 0 = m*a. What is the tens digit of q?
2
Let r = 378 - 218. Let u = r - 57. What is the units digit of u?
3
Let t(n) = 129*n**2 + 4*n - 7. Let l be t(2). Let f = -369 + l. What is the hundreds digit of f?
1
Let w = -1823 + 2904. What is the tens digit of w?
8
Suppose -31*b = 23*b - 53352. What is the units digit of b?
8
Suppose -25 = -8*w + 3*w. Suppose -x - 80 = -w*x. Suppose 3*f + 2*b - 30 = 0, -5*b - 95 = -5*f - x. What is the tens digit of f?
1
Let h(r) = r**3 + 5*r**2 - r - 3. Let g be h(-5). Suppose 18 = g*o - 46. Suppose -3*v = -o - 16. What is the tens digit of v?
1
Let b be 8/(((-10)/(-15))/1). Suppose b*w + 205 = 17*w. What is the units digit of w?
1
Suppose -21 = -2*y - 5*p, 4*y - 4*p = -2*p - 18. What is the tens digit of (64/(-6))/(y/3)?
1
Let p = 9625 - 6427. What is the tens digit of p?
9
Let b = -811 + 820. What is the units digit of b?
9
Suppose 0 = 2*u - 5*h - 870 - 1053, 3*u + 3*h = 2853. What is the hundreds digit of u?
9
Suppose -2*y + 5693 = 3*u, -3*y - 5233 = -5*u + 4230. What is the tens digit of u?
9
Let a = 1635 + -196. What is the hundreds digit of a?
4
Let n be (-30690)/(-45) + (0 - 2)*-2. Suppose n = 7*d - 3*d - 2*k, 5*d + k - 847 = 0. What is the tens digit of d?
7
Suppose -4*l = -11*l + 7. Let u be l/((4 - 1)/15). Suppose s - 6*s - 175 = -u*t, -2*t - s = -82. What is the tens digit of t?
3
Suppose 3*a = -s + 1379, -34*a + 36*a + 3*s - 924 = 0. What is the tens digit of a?
5
What is the hundreds digit of ((-5817)/63)/(3/(-9))?
2
Let q = -567 + 2182. What is the units digit of q?
5
Let m(j) be the second derivative of j**4/2 + j**3/6 - 5*j. What is the tens digit of m(-3)?
5
Let b(z) = -z**2 - 7*z - 8. Let p be b(-8). Let s = p + 48. What is the units digit of s?
2
Let g(f) = 40*f**2 - 5*f - 4. Let d(c) = -80*c**2 + 10*c + 8. Let m(x) = -6*d(x) - 11*g(x). What is the units digit of m(-2)?
6
What is the tens digit of (4535/3)/(8/24)?
3
Suppose -2*x = 0, 11*l - 9*l - 684 = 5*x. What is the units digit of l?
2
Let l(m) be the second derivative of m**4/12 + 3*m**3 - m**2/2 - 6*m. What is the tens digit of l(9)?
4
Suppose 4*w - 8 = 2*w. Suppose -w*n + 2*u + 4 = 0, -u + 0 = -4*n + 4. What is the units digit of n?
1
Let h(o) = -17*o**2. Let x(z) = -18*z**2 - z + 1. Let g(t) = -3*h(t) + 2*x(t). Let c be (8/64)/(10/160). What is the tens digit of g(c)?
5
Suppose 3*u - 21 = 4*y, 5*u + 0*y = -4*y + 3. Let l = 4 + -4. Suppose l = -u*b + 26 + 52. What is the tens digit of b?
2
Let s = -203 - -268. What is the units digit of s?
5
Suppose -2*k - k = 30. What is the units digit of (1 - 2)*(k - 19)?
9
Suppose -70 = -2*v - 4*x, -v = -4*x + 3*x - 20. Let b = v - 26. What is the tens digit of 1 - ((0 - b) + -67)?
6
Let s = -662 + 1445. What is the units digit of s?
3
Let w be (-439)/2 + (405/18)/15. Let t = -94 - w. What is the hundreds digit of t?
1
Let k = -134 + 239. Suppose 2*q - k = 487. What is the units digit of q?
6
Suppose -6*l + 456 = 2*l. Suppose 0 = -5*z - 3*v + 377, v = -4*z + l + 239. What is the units digit of z?
3
Let p = -3 + -17. What is the tens digit of (-2)/(p/(-1245)*6/(-4))?
8
Suppose 4*s - 430 + 18 = 0. Let g = s - 66. What is the tens digit of g?
3
Let f = 20 + -12. Let o = 11 - f. Suppose -o*l - 10 = -76. What is the units digit of l?
2
Suppose -82 = -3*l + 38. Let g = -29 + l. What is the units digit of 79